 Suppose 0 = o + 3*f - x, 5*f = 3*o - o - 337. Is o a composite number?
False
Let x be -5 + 8 - (0 - 133). Suppose -167 = -3*s + v + 283, x = s - 5*v. Suppose 0 = -5*n + 379 + s. Is n composite?
True
Is 19882/(-5)*-1*(-75)/(-30) composite?
False
Suppose -3*m = -c + 10, -c - 25 = 7*m - 3*m. Let v(x) = 7*x**2 - 106 + 41 - 5*x + 39 + 31. Is v(c) a prime number?
False
Suppose 28*c - 33535 = 61357. Is c a prime number?
True
Let c = 22 - 19. Let k(y) = y**2 + 11*y + 15. Let u be k(-10). Suppose c*x - 6*x = -u*i - 1562, 2*x + i - 1024 = 0. Is x prime?
False
Let t(x) = -84*x - 65. Is t(-13) composite?
True
Suppose -5*s - 313976 = -4*y, 35*s = -5*y + 33*s + 392503. Is y composite?
True
Let b(c) = 293*c**2 + c + 45. Is b(8) composite?
True
Suppose 2*t + 17 = 1797. Suppose -2*b = 3*y - t, 5*b + 2*y = 2070 + 133. Is b prime?
True
Suppose -4*u = h - 5513, 3*h = 3*u + 2336 + 14188. Is h prime?
False
Suppose -t + 9 = 2*t. Suppose -x + t = -2*x. Is -82*(x + 0 - -2) composite?
True
Suppose -f + 3*h - 52 = 2*h, -2*h = 3*f + 171. Let x = 106 + f. Is x composite?
True
Let v(r) = -290*r - 32 + 3 + 1004*r + 0. Is v(4) composite?
True
Let v(d) = 128*d**2 + d. Suppose 6*n = 3*n - 3. Is v(n) composite?
False
Let o be (-14)/(-10) + (-6)/15. Let p be 91/14 + o/(-2). Let g(b) = 2*b**3 - 7*b**2 - 9*b + 8. Is g(p) a composite number?
True
Let t = -134 - -138. Let z(y) = 532*y**2 + 56*y - 133. Let w(g) = -28*g**2 - 3*g + 7. Let x(j) = -77*w(j) - 4*z(j). Is x(t) a prime number?
False
Let r = -3301 - -9548. Is r a prime number?
True
Suppose 9*t = 10*t - 3. Let g(r) = 10*r**2 + 24*r + t + 4*r**2 - 12*r. Is g(-5) a prime number?
True
Let m(z) = -28*z**3 + 6*z**2 - 12*z - 17. Is m(-7) a composite number?
True
Suppose -14*m - 104187 = -396269. Is m a prime number?
False
Suppose 0 = 10*r - 2*r - 29256. Suppose 6*f = -2*g + f + 1851, 4*g - r = -f. Is g a prime number?
False
Suppose 4*s + 3*j = 31, -4*j = j + 15. Suppose 984 = -2*d + s*d. Is d prime?
False
Let m be (0 - (-6)/4)*6. Is 2/m + (11318/18 - -2) a prime number?
True
Suppose 4*p = 7*z - 9*z + 16430, z = -4*p + 16425. Is p a prime number?
False
Let q = 4719 + -3280. Is q a prime number?
True
Suppose 0 = 101*d - 28*d - 13270451. Is d a prime number?
True
Suppose 2*c - r - 307 = 4018, -6495 = -3*c + 4*r. Is c composite?
False
Let q be (303/(-9))/((-2)/(-78)). Let n = q - -2394. Is n prime?
False
Let v(u) = -u**2 + 10*u - 3. Let p(k) = 1. Let d(f) = 5*p(f) + v(f). Let t be d(7). Suppose -131 = -2*g + t. Is g composite?
True
Suppose -z = 2*x - 4703, 2*x - 4704 = -0*z - 2*z. Is x a prime number?
True
Let q = 3 + -3. Suppose q = -3*f + 809 + 646. Suppose 10*d - f = 5*d. Is d a prime number?
True
Let q(o) = 6*o**3 + 6*o**2 - 6*o - 19. Is q(8) prime?
True
Suppose -2*l - 29 = -3*y, -26 = -3*y + 3*l + 1. Let m = -32 + y. Is 6/m*(-7 - 0) a prime number?
True
Suppose -19 = -3*a + 2. Suppose -5*v - 103 = -523. Let g = a + v. Is g a prime number?
False
Let t(q) = -q**3 - 5*q**2 - 3*q + 1. Suppose 5*k + 5*f = -20, 0*f = 2*k + 4*f + 16. Let r(n) = -n**2 + n - 6. Let p be r(k). Is t(p) a composite number?
True
Is (24/(-48))/((-2)/19132) a composite number?
False
Suppose 2400 - 8472 = -3*i. Suppose 4*y - 4*x - 1624 = 0, 3*y + 2*y + x = i. Let w = y + 236. Is w a prime number?
True
Let g be ((-6)/18)/(2/(-138)). Suppose -t + 2*t - 2*n + 3 = 0, 2*n - g = -3*t. Suppose 2*y - 227 = -2*y + r, t*r + 91 = 2*y. Is y a composite number?
True
Suppose -2*b + 4*y + 5563 = b, -5*b - 2*y + 9315 = 0. Is b a composite number?
False
Let w be 2 + 2 + -2 + -1. Is -7 + 206 + 4*w prime?
False
Suppose 2*g + 40368 = 2*f, -5*g + 17605 = f - 2573. Is f a prime number?
True
Let v(h) = -h**3 - 2*h**2 - 2*h - 3. Let u be v(-2). Is u - (-3 + 3 - 76) prime?
False
Suppose -x + 5*l + 37 = x, -5 = l. Suppose x*c - 3001 = -19. Is c composite?
True
Let s be ((-4)/5)/(4/(-2870)). Suppose 2*y - 7*l = -3*l + s, y + l = 290. Is y composite?
True
Let q be ((-1)/(-3))/((-14)/(-210)). Let h = q + 186. Is h a composite number?
False
Suppose 0 = -0*g - 5*g - 7100. Let i = -371 - g. Is i composite?
False
Let u(o) = -6*o**2 - 6*o + 8. Let h be u(6). Let d = -285 + 656. Let g = h + d. Is g a composite number?
False
Let f(y) = 10 + 5*y - 129*y + 59*y - 96*y. Is f(-3) a prime number?
False
Let r(y) = 10*y**3 + y**2 + 4*y - 9. Let c be r(4). Let x = c - 304. Is x a prime number?
True
Let g be (-738)/(-30) - (-4)/10. Let b = g - -132. Is b composite?
False
Suppose 5*w - 4*i = -i - 7, -3*w = -2*i + 5. Let j(m) = 203*m**3 - m**2 + 1. Is j(w) prime?
False
Let o(q) = 6*q - 2. Let c be o(1). Suppose c*t = 30 + 18. Suppose t*f = 10*f + 2518. Is f composite?
False
Let a(z) = z**3 + 14*z**2 + 15*z + 3. Let h be a(-13). Let b = h - -19. Is ((-184)/(-12))/(b/(-6)) prime?
True
Let r(i) = 65*i + 1. Let n be 4/(-14) + 406/49. Is r(n) a prime number?
True
Let d = 14767 - 6710. Is d a prime number?
False
Suppose 2*k + 5*r + 3936 = 4*k, 5*r - 10 = 0. Is k composite?
False
Is 32/(-176) - (-1)/((-33)/(-155073)) a prime number?
False
Let j be 3/6*(-4)/(-2). Let r be 29/6 - j/(-6). Suppose 4*w - 289 = -3*f - 0*w, -2*w = -r*f + 447. Is f composite?
True
Suppose 1 = 5*d + 56. Let c = d - -23. Is (-879)/1*(-4)/c prime?
True
Let n(a) = -24*a + 61. Let b be 2 + (0 - (-2 + 36)). Is n(b) a composite number?
False
Let p = 395 - 209. Suppose 1136 = 2*y + 3*n, 3*y - 5*n = y + 1120. Let z = y + p. Is z a prime number?
True
Let k(j) = 255*j**3 - j**2 - 4*j + 11. Is k(2) a composite number?
False
Let d = -41 + 152. Suppose -4*q - 230 = -5*u, -2*q = 4*u - 321 + d. Is 1870/u + (-2)/5 composite?
False
Is ((-121092)/(-36) - -9)/(4/6) prime?
True
Suppose -5*v = -5, 5*u - 3*u + v - 3939 = 0. Is u a prime number?
False
Let p = -1477 - -3426. Is p a composite number?
False
Let p(o) = 2*o**3 + 14*o**2 - 6*o + 64. Let j(y) = y**3 - y + 1. Let c(r) = -3*j(r) + p(r). Is c(-14) a prime number?
True
Suppose -4*r - 2 = -2*p, 4 = 4*p - 0*p + 3*r. Is p + (-14002)/(-6) + 6/18 a prime number?
False
Let i = -20946 + 35203. Is i composite?
True
Suppose 3 = -3*u, 3*r - 4*u = -3*u - 32. Let h(j) = -j**2 - 9*j + 13. Let x be h(r). Is (1 + -4)/x*1563 a prime number?
True
Let q be (-1 - (-1)/5)*-25. Suppose 13*t - 8*t = q. Is t*4/((-32)/(-278)) composite?
False
Let n = -2827 + 5160. Suppose 2 = -y, 3*s + 2*s = -y + n. Is s prime?
True
Let y(i) be the second derivative of 5*i**4/2 + 5*i**3/3 + 21*i**2/2 + 23*i. Is y(-6) a prime number?
False
Suppose -2*a + 2*w = 0, -2 = -a - 2*w + 10. Let s(f) = -8*f**2 + 58*f - 12. Let o be s(7). Suppose a*h = o*h + 2722. Is h a composite number?
False
Is 6/12*(-37130)/(-15)*3 a composite number?
True
Suppose -3*x = -0*x - 96. Let b = 38 - x. Let t(q) = 4*q**3 - 6*q**2 + 11*q - 1. Is t(b) prime?
False
Is (-441)/(-12) - 2/(-8) a prime number?
True
Suppose j - 16*b - 1481 = -12*b, -3*b = -4*j + 5989. Is j prime?
False
Suppose -3711 = -18*t + 3705. Let b(r) = 83*r + 3. Let f be b(-3). Let j = t + f. Is j a composite number?
True
Let o be 75/(-2)*4/(-6). Suppose -6*z + o = -z. Suppose 4*s + 0*i = -3*i + 2552, -5*s + 3155 = -z*i. Is s a prime number?
False
Suppose -3*f = -14*f + 11088. Suppose 763 = 3*b + 5*n, f = 4*b - 17*n + 19*n. Is b a composite number?
False
Suppose 11*w = w + 10. Is 5824/14 + w*-1 prime?
False
Let s be 10684/(-36) + (-4)/18. Let h = s + 515. Suppose -h = -14*n + 12*n. Is n prime?
True
Let d(n) = 2*n**3 + 50*n**2 - 36*n - 37. Is d(-22) a composite number?
False
Let v(g) = 367*g**2 + 5. Is v(-6) a prime number?
True
Let h = -8552 - -14463. Is h prime?
False
Let x(h) = 4 - 26*h**3 - 188*h**2 + 5 - h + 183*h**2. Is x(-3) a prime number?
False
Suppose 16*h - 11*h = -30. Let j be (126/12)/(h/(-4)). Let g(k) = 11*k**2 - 10*k + 10. Is g(j) a prime number?
True
Let n = 112 + -112. Suppose -x + 2345 = 3*a, -4*x + 9*x - 4*a - 11649 = n. Is x composite?
False
Let o = 1580 + -1010. Let t = o - 359. Is t prime?
True
Suppose 20*n = -29*n + 31801. Is n a prime number?
False
Suppose 2*o - 2*b + 1128 = b, -o + 4*b = 574. Let v = 1135 + o. Is v prime?
True
Let c(z) = -21*z**3 + 7*z**2 + 13*z - 14. Is c(-7) a prime number?
False
Let u(p) be the third derivative of 107*p**5/60 - p**3/6 + p**2. Let r be (-7)/((-35)/(-10))*-1. Is u(r) a prime number?
False
Suppose 4*j - 12*j - 128 = 0. Let y(w) = -76*w + 51. Is y(j) 